c = 0. What is the units digit of s?
2
Let g(a) be the first derivative of 73*a**5/60 + 5*a**4/12 - 3*a**3 - 19. Let u(r) be the third derivative of g(r). What is the hundreds digit of u(1)?
1
Let b be 7/((-35)/(-3190)) + 6 + -6. Suppose 42*o = 31*o + b. What is the units digit of o?
8
Let n be -3*(10675/3 - -6). What is the tens digit of 1*2*n/(-74)?
8
Let l(t) = 4*t**3 - 19*t**2 - 5*t - 10. Let r be 15 - (4 + -1 - -4). What is the hundreds digit of l(r)?
7
What is the tens digit of 64508/24 - ((-22)/(-33) - 30/36)?
8
Let i(d) = -d**3 + 5*d**2 + 6*d - 4. Let p be i(6). Let s be 18/(-7) + -1 + (-12)/(-21). What is the tens digit of p - (-1)/(s/(-90))?
2
What is the ten thousands digit of (-4 + (-176)/(-20))/((4 - -5)/101295)?
5
Let t = -40 - -42. Suppose -31 = -2*z - 3*z + t*o, z - o = 8. Suppose -b = -1, 5*b - 2*b = z*h - 97. What is the units digit of h?
0
Let m(g) = -16*g - 12. Let i(q) = 16*q + 13. Let x(z) = 5*i(z) + 4*m(z). Let o be (-15)/(-75)*(-20)/(-12)*15. What is the tens digit of x(o)?
9
Let r(m) = -3*m**3 - 9*m + 13580. What is the hundreds digit of r(0)?
5
Let b(x) = 2*x - 3. Let s be b(4). Suppose -273 = -59*c - 37. Suppose a = s*u + 2*a - 288, 12 = c*a. What is the tens digit of u?
5
Let i be (16/(-6))/((-53)/(-51834)). What is the units digit of (4*6/(-96))/(4/i)?
3
Suppose 73*f - 237568 = 15*f. What is the hundreds digit of f?
0
Let a = -32166 + 45320. What is the thousands digit of a?
3
Suppose -6*m + 1256 = -256. Let b = m - 120. What is the tens digit of b?
3
Let b(t) = -t**2 - 12*t - 30. Let s be b(-8). Suppose 4*r + 790 = 3*j, -r + 4 = -s*r. What is the units digit of j?
8
What is the thousands digit of (-158331)/2*(-10 + (-560)/(-60))?
2
Let f = -9842 - -16936. What is the thousands digit of f?
7
Let d(h) be the first derivative of 5*h**3/3 - 13*h**2/2 + 196*h + 175. What is the units digit of d(7)?
0
Suppose 435160 = 40*x + 14*x - 8*x. What is the tens digit of x?
6
Let q = -1097 + 1859. Let r = q - 507. What is the tens digit of r?
5
Suppose -10*w + 514 = 374. What is the tens digit of 1521/(-2)*(-14)/(-7 + w)?
2
Let q(m) = 10376*m**2 + 34*m - 3. What is the tens digit of q(-1)?
3
Let y(j) = 3*j - 10. Let p = 10 - 6. Let h be y(p). Suppose 12 + 96 = 4*i - 4*z, h*z = i - 22. What is the units digit of i?
2
Suppose -6*y = -17 - 7. Let n(c) = 9*c**2 - 2*c + 1. Let v be n(6). Suppose -y*z = 2*a + z - v, 0 = -3*z - 15. What is the tens digit of a?
6
Let g = -21 - -26. Suppose n + l = -2*n + 103, g*l + 25 = 0. What is the hundreds digit of (9*4)/(8/n)?
1
Let x(p) = 4*p**2 + 58*p - 24. Let w be x(-16). Suppose 0 = -w*z + 65*z + 952. What is the units digit of z?
6
Let y(t) = t**3 + 109*t**2 - 241*t + 575. What is the units digit of y(-108)?
7
Let a be (94 + 13)*9/3. Suppose 2*q + 5*m - 374 = 0, 5*m + 13 = 2*q - a. What is the tens digit of q?
7
Let t(o) = 791*o + 1424. What is the thousands digit of t(6)?
6
Suppose 0 = -2*f + 1032 - 4. Let j = f - 341. Let p = -46 + j. What is the units digit of p?
7
Let x(g) = -3328*g - 1081. What is the units digit of x(-6)?
7
Suppose 0*t + 15*t = 45. Suppose -s + 4*f = -1060, t*s = -2*s + f + 5281. What is the tens digit of s?
5
Let c = 51 - 57. Let x be (2 + 0 - -1) + 0/c. Suppose x*l - 527 = -2*l + 2*r, -4*l - r = -419. What is the hundreds digit of l?
1
Suppose -15 + 3 = -6*w. Let l be ((-357)/w)/(15/20). What is the tens digit of (1 + -2)/(14/l)?
1
Let g = 44 - 30. Let a(c) = 5*c**2 + 15*c - 32. Let t(x) = 2*x**2 + 8*x - 16. Let s(z) = 3*a(z) - 7*t(z). What is the units digit of s(g)?
8
Suppose 3*d = -2*n + 14924, -7*d = -9*n + 6*n - 34792. What is the hundreds digit of d?
9
Let u = 3 - 40. Let l = 117 + u. Let c = l - -91. What is the tens digit of c?
7
Suppose 5*l - 154054 = l - 3*v, 0 = l + 5*v - 38488. What is the ten thousands digit of l?
3
Suppose 3*f + 3*o - 278838 = 0, -2*f + 141791 + 44080 = -5*o. What is the units digit of f?
3
What is the units digit of 10*-223*486/(-405)?
6
What is the ten thousands digit of (6192408/2412)/((-4)/(-54))?
3
Suppose -25 = -5*o, -2*m - 10 + 0 = -4*o. Suppose 0 = 3*q - m*b - 2841, -6*b = -q - 3*b + 951. What is the hundreds digit of q?
9
Let n(t) = -105*t**3 - 7*t**2 + 30*t - 6. What is the ten thousands digit of n(-6)?
2
Suppose 24059*x - 90420 = 24048*x. What is the tens digit of x?
2
Let u be -30*(-5)/9*-3. Let j be -3 - (7/28 + u/8). Suppose -6*s + 72 = -3*s - j*g, 3*g = -s + 8. What is the tens digit of s?
2
Suppose -4*u + 0*s = -2*s - 18, -u + 9 = 4*s. Let g(v) = 6*v**3 + 2*v**2 - 12*v - 16. What is the tens digit of g(u)?
2
Let f = 945 + -1690. Let b = -487 - f. What is the tens digit of b?
5
What is the thousands digit of -22*(21 + (-105237)/121)?
8
Let y = 237 - 2187. What is the tens digit of (y/4)/(-5)*(-24)/(-18)?
3
Suppose -16*x + 1853 = 2*u - 11*x, 0 = -4*u - 5*x + 3691. What is the hundreds digit of u?
9
Let u = 174 + -178. What is the hundreds digit of (-182)/(-6)*(-48)/u?
3
Let s be ((-76)/(-10))/((-7)/(35/(-2))). Suppose -8 = -s*h + 17*h. Suppose -h*t = 3*n - 322, -134 = -n - 3*t - 20. What is the tens digit of n?
0
Let d(q) = 4*q**2 - 4*q + 3. Let y be d(3). Let b = -29 + y. What is the tens digit of (-6)/(-30)*97 - b/(-5)?
1
Let b be -1*1 - 0 - -12. Let x(i) be the third derivative of i**5/60 - 11*i**3/2 + 44*i**2 + 28*i + 2. What is the units digit of x(b)?
8
Let a(y) = 735*y**2 + 32*y + 6. What is the units digit of a(-3)?
5
Suppose 13 = 6*m - 11. Suppose -m*j = h - 3, 3*h + 25 = 2*j + 3*j. Suppose j*k = -4*a + 44, -2*k - k - 2*a = -82. What is the units digit of k?
0
Suppose -4*z + 5*j - 27 = -3*z, z + j = 3. What is the hundreds digit of (-16503)/(-39) + z + 2/(-13)?
4
Let l(u) = 375*u - 1. Let x(a) = -188*a - 1. Let h(m) = -3*l(m) - 5*x(m). What is the tens digit of h(-1)?
9
What is the tens digit of (-48)/112 + (-11 - 525354/(-42))?
9
Let r = 448 - 451. What is the thousands digit of ((-2507)/r - 3)*(-18)/(-12)?
1
Suppose 5*x = 28 + 162. Suppose -34*m + x*m = 7316. What is the tens digit of m?
2
Suppose 4*z + 2*j - 691 - 711 = 0, j = 5*z - 1770. Suppose k = 4*b + z, 2*k - 60 = -4*b + 610. What is the tens digit of k?
4
Let c = 747 + -691. Suppose -59*l + 1374 = -c*l. What is the tens digit of l?
5
Suppose 5*n - 6*n + 39 = 5*c, -3*c + 37 = 4*n. Let t be (-280)/98 - 1/c. What is the units digit of (-4 - t)*(4 + -4 + -9)?
9
Let s(q) = -16*q**3 - 17*q**2 + 13. Let t(n) = 30*n**3 + 36*n**2 - n - 26. Let a(d) = 5*s(d) + 2*t(d). What is the hundreds digit of a(-4)?
0
Let m(f) = -13*f - 79. Let h(o) = -o + 1. Let u(c) = -2*h(c) + m(c). Let n(j) = 5*j + 41. Let x(t) = 5*n(t) + 3*u(t). What is the tens digit of x(-18)?
0
Let i be 1/(-3) - (-1171)/3. Suppose 3*b - r = -2*b + 975, 2*b + 3*r - i = 0. What is the units digit of b?
5
Let r(z) = 520*z + 8. Let j be r(4). Suppose -9*x = 3*x + j. Let h = x + 246. What is the tens digit of h?
7
Let p = 36 + -36. Let m be p - -1 - 123/6*-2. Let t = 19 + m. What is the tens digit of t?
6
Suppose -10*l + 2035 = -11605. Suppose 5*j - 2*y - l = 0, 2*j + 0*j - 551 = -y. Let f = j - 119. What is the units digit of f?
5
Let i(g) = 3*g**3 - 7*g**2 + 5*g - 3. Let v(b) = b - 1. Let f(y) = i(y) + 5*v(y). What is the tens digit of f(8)?
6
Let n(z) = 5*z**3 + 17*z**2 - 26*z + 170. What is the thousands digit of n(9)?
4
Suppose 0*r - 2*r + 2718 = -2*i, 5434 = 4*r - 2*i. Suppose 18*p - r = 640. What is the hundreds digit of p?
1
Let t(m) = 2*m**3 - m**2 + 4*m + 96. Let o be t(0). Suppose 3*b - 3*v - 726 = 0, o + 650 = 3*b + v. What is the hundreds digit of b?
2
Let o(b) be the third derivative of b**5/60 + b**3 - 3*b**2. Let i be o(0). Suppose -i*x = -7*x, 0 = -3*z + 2*x + 228. What is the tens digit of z?
7
Let t be 3 - (3 - (3 + 6/3)). Suppose 28 = t*r + 2*r. What is the units digit of r - 0 - (-78 + -5)?
7
Let w(h) = h - 14. Let p be w(11). Let q be p/(48/(-15) + 6/2). Suppose 3*b + m = 77, -b - 6*m + q = -3*m. What is the tens digit of b?
2
Let y(t) = t + 2. Let d(j) = j - 1. Let a(l) = -6*d(l) + y(l). Let q be a(-6). Let f = q + 4. What is the units digit of f?
2
Let s(o) be the second derivative of 3*o**3 + 4*o**2 + 49*o. What is the units digit of s(6)?
6
Suppose m - 261 = 4*z + 449, 2*m - 1430 = -2*z. Suppose 7*y - 6*y = m. What is the hundreds digit of y?
7
Let u be -7 + -1 - (-3 + (-3 - -